{"id":199,"date":"2023-08-23T15:20:03","date_gmt":"2023-08-23T15:20:03","guid":{"rendered":"https:\/\/preprod-samiginfo-com.sntteam.org\/?page_id=199"},"modified":"2023-09-07T07:36:43","modified_gmt":"2023-09-07T07:36:43","slug":"mentions-legales-contact","status":"publish","type":"page","link":"https:\/\/www.samiginfo.com\/?page_id=199","title":{"rendered":"Mentions l\u00e9gales\/Contact"},"content":{"rendered":"\n<h1 class=\"wp-block-heading\">SAMIG INFORMATIC Sarl<\/h1>\n\n\n\n<p>2 All\u00e9e des Pins 45450 DONNERY<\/p>\n\n\n\n<h1 class=\"wp-block-heading\"><strong>T\u00e9l. : 06 22 43 22 28<\/strong><\/h1>\n\n\n\n<p><a href=\"mailto:samiginfo@free.fr\">samiginfo@free.fr<\/a><\/p>\n\n\n\n<p><strong>Siret<\/strong> : 482 343 233 00011 Orl\u00e9ans<\/p>\n\n\n\n<p><strong>Capital<\/strong> : 9500 \u20ac<\/p>\n\n\n\n<p><strong>TVA<\/strong> : FR07482343233<\/p>\n\n\n\n<p><strong>Registre des M\u00e9tiers<\/strong> : 482343233 4501<\/p>\n\n\n\n<p><strong>Responsable communication<\/strong> : Samuel AMIGUES (g\u00e9rant)<\/p>\n\n\n\n<h2 class=\"wp-block-heading\"><br><\/h2>\n\n\n\n<h6 class=\"wp-block-heading\">H\u00e9bergeur<\/h6>\n\n\n\n<p>Oracle cloud free tier<\/p>\n\n\n\n<p><a href=\"https:\/\/www.oracle.com\/fr\/cloud\/free\/\">https:\/\/www.oracle.com\/fr\/cloud\/free\/<\/a><\/p>\n\n\n\n<p>T\u00e9l. +33 (0)1 57 60 83 09<\/p>\n\n\n\n<p><\/p>\n","protected":false},"excerpt":{"rendered":"<p>SAMIG INFORMATIC Sarl 2 All\u00e9e des Pins 45450 DONNERY T\u00e9l. : 06 22 43 22 28 samiginfo@free.fr Siret : 482 343 233 00011 Orl\u00e9ans Capital : 9500 \u20ac TVA : FR07482343233 Registre des M\u00e9tiers : 482343233 4501 Responsable communication : Samuel AMIGUES (g\u00e9rant) H\u00e9bergeur Oracle cloud free tier https:\/\/www.oracle.com\/fr\/cloud\/free\/ T\u00e9l. +33 (0)1 57 60 83 [&hellip;]<\/p>\n","protected":false},"author":1,"featured_media":0,"parent":0,"menu_order":0,"comment_status":"closed","ping_status":"closed","template":"","meta":{"footnotes":""},"class_list":["post-199","page","type-page","status-publish","hentry"],"_links":{"self":[{"href":"https:\/\/www.samiginfo.com\/index.php?rest_route=\/wp\/v2\/pages\/199","targetHints":{"allow":["GET"]}}],"collection":[{"href":"https:\/\/www.samiginfo.com\/index.php?rest_route=\/wp\/v2\/pages"}],"about":[{"href":"https:\/\/www.samiginfo.com\/index.php?rest_route=\/wp\/v2\/types\/page"}],"author":[{"embeddable":true,"href":"https:\/\/www.samiginfo.com\/index.php?rest_route=\/wp\/v2\/users\/1"}],"replies":[{"embeddable":true,"href":"https:\/\/www.samiginfo.com\/index.php?rest_route=%2Fwp%2Fv2%2Fcomments&post=199"}],"version-history":[{"count":8,"href":"https:\/\/www.samiginfo.com\/index.php?rest_route=\/wp\/v2\/pages\/199\/revisions"}],"predecessor-version":[{"id":262,"href":"https:\/\/www.samiginfo.com\/index.php?rest_route=\/wp\/v2\/pages\/199\/revisions\/262"}],"wp:attachment":[{"href":"https:\/\/www.samiginfo.com\/index.php?rest_route=%2Fwp%2Fv2%2Fmedia&parent=199"}],"curies":[{"name":"wp","href":"https:\/\/api.w.org\/{rel}","templated":true}]}}